{"id":52,"date":"2023-02-14T14:42:01","date_gmt":"2023-02-14T13:42:01","guid":{"rendered":"https:\/\/assistenzatecnica24h.com\/?page_id=52"},"modified":"2024-04-29T11:32:31","modified_gmt":"2024-04-29T09:32:31","slug":"chiave-rotta-nella-serratura","status":"publish","type":"page","link":"https:\/\/www.assistenzatecnica24h.com\/?page_id=52","title":{"rendered":"Chiave rotta nella serratura"},"content":{"rendered":"<div class=\"wpb-content-wrapper\"><p>[vc_row][vc_column width=&#8221;1\/2&#8243;][vc_column_text]chiave rotta nella serratura? Puoi provare ad estrarla da solo soltanto se sporge e l&#8217;estrazione \u00e8 molto semplice, altrimenti puoi peggiorare la situazione.<\/p>\n<p>Se non sai come procedere chiama il numero<strong> 3518816239<\/strong>.<\/p>\n<p>Se la chiave si \u00e8 rotta all&#8217;interno della serratura non tentare di muoverla o girarla! Rischi di dovere cambiare l&#8217;intera serratura, quindi massima attenzione.<br \/>\nPrima di chiamare per una assistenza, devi scoprire il motivo per il quale la chiave si \u00e8 rotta, ovvero se la serratura si sia in qualche modo bloccata oppure si \u00e8 rotta per altri motivi.<\/p>\n<p>[\/vc_column_text][\/vc_column][vc_column width=&#8221;1\/2&#8243;][vc_column_text]<img loading=\"lazy\" decoding=\"async\" class=\"size-full wp-image-201 aligncenter\" src=\"https:\/\/assistenzatecnica24h.com\/wp-content\/uploads\/2023\/02\/chiave-rotta.webp\" alt=\"chiave rotta nella serratura Biella\" width=\"760\" height=\"305\" srcset=\"https:\/\/www.assistenzatecnica24h.com\/wp-content\/uploads\/2023\/02\/chiave-rotta.webp 760w, https:\/\/www.assistenzatecnica24h.com\/wp-content\/uploads\/2023\/02\/chiave-rotta-300x120.webp 300w\" sizes=\"auto, (max-width: 760px) 100vw, 760px\" \/>[\/vc_column_text][\/vc_column][\/vc_row][vc_row][vc_column][vc_column_text]<\/p>\n<h2>Chiave rotta nella serratura: come estrarla.<\/h2>\n<p>Ci sono vari modi di estrarre una chiave rotta da una serratura, ma <strong>i consigli che diamo di seguito vanno applicati soltanto se la chiave sporge, anche solo di qualche millimetro, dalla serratura<\/strong>. Per tentare l&#8217;estrazione bisogna essere in possesso di: una graffetta metallica, una pinzetta che ci consenta una presa forte e sicura, pu\u00f2 essere anche una pinza per le sopracciglia. Una volta che abbiamo questi materiali ecco come procedere:<\/p>\n<ol>\n<li>portate la serratura in posizione di partenza, pu\u00f2 essere orizzontale per alcune serrature blindate o in verticale. Aiutatevi con il moncone di chiave per girarla e posizionarla.<\/li>\n<li>una volta posizionata la serratura svolgete la clips fino a trasformarla in un filo metallico.<\/li>\n<li>inserite la punta del filo metallico in alto (nelle serrature verticali) o a destra (in quelle orizzontali) e cercate di fare perno per tirare fuori la chiave<\/li>\n<li>afferrate la chiave con le pinze ed estraetela. Ci vuole forza, la chiave \u00e8 tenuta all&#8217;interno dai cilindri, non sar\u00e0 facile da estrarre<\/li>\n<li>se non siete riusciti ripetete i punti 3 e 4<\/li>\n<\/ol>\n<p>Quanto sopra \u00e8 l&#8217;unica tecnica efficace per estrarre la chiave. Sappiamo che su internet circolano parecchie teorie assurde tipo quella di mettere attaccatutto sul moncone di chiave ed incollarla per estrarla. Non fatelo o dovrete cambiare tutta la serratura. La stessa cosa succeder\u00e0 se userete la cerca o altre fantasiose tecniche.[\/vc_column_text][\/vc_column][\/vc_row][vc_row][vc_column width=&#8221;1\/2&#8243;][vc_column_text]<\/p>\n<h2><a href=\"https:\/\/assistenzatecnica24h.com\/chiave-rotta-nella-serratura\/\">Quando chiamarci:<\/a><\/h2>\n<p>Se la chiave si \u00e8 rotta all&#8217;interno della serratura (quindi non sporge nemmeno di poco) non pensate nemmeno di provare ad estrarla: rischiate di dover cambiare tutto il blocco serratura. Piuttosto chiamateci al numero 3518816239.<\/p>\n<p>Dovete chiamarci anche se il primo punto della nostra lista non funziona: la serratura non gira pi\u00f9? Chiamateci subito.[\/vc_column_text][\/vc_column][vc_column width=&#8221;1\/2&#8243;][vc_column_text]<\/p>\n<h2>Il fai da te funziona ma&#8230;<\/h2>\n<p>Una chiave rotta nella serratura pu\u00f2 sembrare un problema da poco ma, esiste il rischio fondato di poter rompere l&#8217;intera serratura. Per questo motivo vi invitiamo a chiamare un professionista.<br \/>\nAnche l&#8217;elenco di consigli dato sopra, presuppone sempre che l&#8217;intervento venga svolto con <strong>delicatezza e cautela<\/strong>. Non sforzate con il filo della graffetta metallica, tutte le operazioni devono essere svolte in modo fluido e senza sforzi.[\/vc_column_text][\/vc_column][\/vc_row][vc_column width=&#8221;1\/3&#8243;][vc_column_text]<img loading=\"lazy\" decoding=\"async\" class=\"alignnone size-medium wp-image-636\" src=\"https:\/\/assistenzatecnica24h.com\/wp-content\/uploads\/2024\/04\/Immagine-WhatsApp-2024-03-26-ore-10.44.44_c888631c-300x300.webp\" alt=\"interventi fabbro\" width=\"300\" height=\"300\" srcset=\"https:\/\/www.assistenzatecnica24h.com\/wp-content\/uploads\/2024\/04\/Immagine-WhatsApp-2024-03-26-ore-10.44.44_c888631c-300x300.webp 300w, https:\/\/www.assistenzatecnica24h.com\/wp-content\/uploads\/2024\/04\/Immagine-WhatsApp-2024-03-26-ore-10.44.44_c888631c-1024x1024.webp 1024w, https:\/\/www.assistenzatecnica24h.com\/wp-content\/uploads\/2024\/04\/Immagine-WhatsApp-2024-03-26-ore-10.44.44_c888631c-150x150.webp 150w, https:\/\/www.assistenzatecnica24h.com\/wp-content\/uploads\/2024\/04\/Immagine-WhatsApp-2024-03-26-ore-10.44.44_c888631c-768x768.webp 768w, https:\/\/www.assistenzatecnica24h.com\/wp-content\/uploads\/2024\/04\/Immagine-WhatsApp-2024-03-26-ore-10.44.44_c888631c.webp 1200w\" sizes=\"auto, (max-width: 300px) 100vw, 300px\" \/>[\/vc_column_text][\/vc_column][vc_column width=&#8221;1\/3&#8243;][vc_column_text]<img loading=\"lazy\" decoding=\"async\" class=\"alignnone size-medium wp-image-248\" src=\"https:\/\/assistenzatecnica24h.com\/wp-content\/uploads\/2023\/02\/marche-serrature-300x146.png\" alt=\"\" width=\"300\" height=\"146\" srcset=\"https:\/\/www.assistenzatecnica24h.com\/wp-content\/uploads\/2023\/02\/marche-serrature-300x146.png 300w, https:\/\/www.assistenzatecnica24h.com\/wp-content\/uploads\/2023\/02\/marche-serrature.png 575w\" sizes=\"auto, (max-width: 300px) 100vw, 300px\" \/>[\/vc_column_text][\/vc_column][vc_column width=&#8221;1\/3&#8243;][vc_column_text]<img loading=\"lazy\" decoding=\"async\" class=\"alignnone size-medium wp-image-158\" src=\"https:\/\/assistenzatecnica24h.com\/wp-content\/uploads\/2023\/02\/ASSISTENZA24H-e1676906353750-226x300.webp\" alt=\"FABBRO 24 ORE\" width=\"226\" height=\"300\" srcset=\"https:\/\/www.assistenzatecnica24h.com\/wp-content\/uploads\/2023\/02\/ASSISTENZA24H-e1676906353750-226x300.webp 226w, https:\/\/www.assistenzatecnica24h.com\/wp-content\/uploads\/2023\/02\/ASSISTENZA24H-e1676906353750.webp 400w\" sizes=\"auto, (max-width: 226px) 100vw, 226px\" \/>[\/vc_column_text][\/vc_column][vc_row][vc_column][vc_column_text]La chiave rotta nella serratura \u00e8 uno dei problemi pi\u00f9 comuni e frustranti che possono capitare, e pu\u00f2 trasformare un momento tranquillo in un&#8217;esperienza stressante. Se ti trovi in questa situazione, \u00e8 fondamentale agire prontamente. Scopri cosa fare se ti ritrovi con una chiave rotta nella serratura e come il nostro servizio di pronto intervento pu\u00f2 risolvere rapidamente il problema.<\/p>\n<p><strong>Cos&#8217;\u00e8 la Chiave Rotta nella Serratura? <\/strong>La chiave rotta nella serratura \u00e8 una problematica che si verifica quando la chiave si spezza all&#8217;interno del cilindro della serratura, impedendo l&#8217;apertura o la chiusura corretta della porta. Questa situazione pu\u00f2 essere causata da chiavi usurare, serrature danneggiate o tentativi di forzare la serratura. \u00c8 un inconveniente che richiede attenzione immediata per ripristinare la funzionalit\u00e0 della serratura.<\/p>\n<p><a href=\"https:\/\/www.blindoserr.it\/\" target=\"_blank\" rel=\"noopener\"><strong>Cosa Fare in Caso di Necessit\u00e0?<\/strong><\/a>\u00a0Se ti trovi con una chiave rotta nella serratura, \u00e8 importante mantenere la calma. Evita di tentare di estrarre la chiave da solo, poich\u00e9 potresti peggiorare la situazione. La soluzione migliore \u00e8 contattare un servizio professionale specializzato nel pronto intervento per chiavi rotte nella serratura. La nostra squadra \u00e8 pronta a intervenire 24 ore su 24 per risolvere il problema in modo rapido ed efficiente.<\/p>\n<p><strong>Il Nostro Servizio di Pronto Intervento.\u00a0<\/strong>Il nostro servizio di pronto intervento \u00e8 la risposta alle tue emergenze con chiave rotta nella serratura. La nostra squadra \u00e8 composta da tecnici altamente qualificati che dispongono degli strumenti e delle competenze necessarie per affrontare qualsiasi situazione. Abbiamo esperienza nel gestire chiavi rotte, garantendo un intervento tempestivo e senza danni aggiuntivi.<\/p>\n<p><strong>Contattaci per Ogni Urgenza.\u00a0<\/strong>Se hai bisogno di assistenza immediata per una chiave rotta nella serratura, contattaci senza esitazioni. Siamo disponibili 24\/7 per rispondere alle tue chiamate e inviare rapidamente un tecnico sul luogo del problema. La tua sicurezza e la tua tranquillit\u00e0 sono la nostra priorit\u00e0 assoluta.<\/p>\n<p>Non rimandare l&#8217;intervento in caso di chiave rotta nella serratura. Chiama il nostro servizio di pronto intervento per una soluzione rapida e professionale. Siamo qui per garantire che tu possa tornare alla normalit\u00e0 nel minor tempo possibile. Chiave rotta nella serratura: la nostra squadra \u00e8 pronta a risolvere il problema per te.[\/vc_column_text][\/vc_column][\/vc_row]<\/p>\n<\/div>","protected":false},"excerpt":{"rendered":"<p>[vc_row][vc_column width=&#8221;1\/2&#8243;][vc_column_text]chiave rotta nella serratura? Puoi provare ad estrarla da solo soltanto se sporge e l&#8217;estrazione \u00e8 molto semplice, altrimenti puoi peggiorare la situazione. Se non sai come procedere chiama il numero 3518816239. Se la chiave si \u00e8 rotta all&#8217;interno della serratura non tentare di muoverla o girarla! Rischi di dovere cambiare l&#8217;intera serratura, quindi<a href=\"https:\/\/www.assistenzatecnica24h.com\/?page_id=52\" class=\"more-link\">Read More<\/a><\/p>\n","protected":false},"author":3,"featured_media":301,"parent":0,"menu_order":0,"comment_status":"closed","ping_status":"closed","template":"","meta":{"footnotes":""},"class_list":["post-52","page","type-page","status-publish","has-post-thumbnail","hentry"],"_links":{"self":[{"href":"https:\/\/www.assistenzatecnica24h.com\/index.php?rest_route=\/wp\/v2\/pages\/52","targetHints":{"allow":["GET"]}}],"collection":[{"href":"https:\/\/www.assistenzatecnica24h.com\/index.php?rest_route=\/wp\/v2\/pages"}],"about":[{"href":"https:\/\/www.assistenzatecnica24h.com\/index.php?rest_route=\/wp\/v2\/types\/page"}],"author":[{"embeddable":true,"href":"https:\/\/www.assistenzatecnica24h.com\/index.php?rest_route=\/wp\/v2\/users\/3"}],"replies":[{"embeddable":true,"href":"https:\/\/www.assistenzatecnica24h.com\/index.php?rest_route=%2Fwp%2Fv2%2Fcomments&post=52"}],"version-history":[{"count":26,"href":"https:\/\/www.assistenzatecnica24h.com\/index.php?rest_route=\/wp\/v2\/pages\/52\/revisions"}],"predecessor-version":[{"id":705,"href":"https:\/\/www.assistenzatecnica24h.com\/index.php?rest_route=\/wp\/v2\/pages\/52\/revisions\/705"}],"wp:featuredmedia":[{"embeddable":true,"href":"https:\/\/www.assistenzatecnica24h.com\/index.php?rest_route=\/wp\/v2\/media\/301"}],"wp:attachment":[{"href":"https:\/\/www.assistenzatecnica24h.com\/index.php?rest_route=%2Fwp%2Fv2%2Fmedia&parent=52"}],"curies":[{"name":"wp","href":"https:\/\/api.w.org\/{rel}","templated":true}]}}